i(m) = 4*m**2 - 31*m + 97. What is the remainder when i(3) is divided by y?
12
Suppose 4*i - 47*g - 632 = -43*g, 5*i = g + 790. Calculate the remainder when i is divided by 56.
46
Calculate the remainder when 1202300/(-165)*6/(-10) is divided by 78.
4
Let s = -113 - -126. Suppose -s*t + 8*t = -95. What is the remainder when t is divided by 13?
6
Suppose -v + 1671 = 3*w, -1031*w = 5*v - 1029*w - 8433. Calculate the remainder when 5069 is divided by v.
2
Let x = 367 - 315. Calculate the remainder when 106 is divided by x.
2
Let v(m) = 76*m**3 + 3*m**2 + m - 4. Let z be v(1). Let p = z + -73. What is the remainder when 25 is divided by p?
1
Let w(q) = 23*q - 14. Suppose 2*d - 5*g = -1, 6*d - 8*d + 2 = -2*g. Let c be 4/(2*d/4). What is the remainder when w(c) is divided by 16?
14
Suppose -2*f - 4575 = -10*f - 1615. What is the remainder when f is divided by 33?
7
Suppose 7*b - 188 = 3*b. Let n(o) = o**3 + 14*o**2 + 4*o + 7. Calculate the remainder when n(-11) is divided by b.
44
Let p be (-14)/3*(3 - 6) - 3. Let g(f) = 8*f - 24. Calculate the remainder when 319 is divided by g(p).
63
Suppose 22*l = 14*l + 1728. Suppose 2*c - 57 = -u - 2*c, 2*u = -3*c + 134. What is the remainder when l is divided by u?
70
Suppose 4*h = 151 + 2365. What is the remainder when h is divided by (-394 + 364)*(0 + -1)?
29
Suppose 22*p - 20*p = 12, -w = -5*p - 113. What is the remainder when 558 is divided by w?
129
What is the remainder when (-279045)/(-225) + 16/(-5) is divided by 27?
22
Let u(t) = -t**3 - 2*t**2 + t - 2. Suppose 4*o = -4*v + 1164, -2*v + 366 = 11*o - 270. What is the remainder when v is divided by u(-4)?
25
Let t = -63 - -102. Let h(q) be the first derivative of 3*q**2/2 + 7*q + 54. Calculate the remainder when t is divided by h(1).
9
Let b = -329 - -369. Calculate the remainder when b is divided by 15.
10
Let q be (-4)/(-1) + 1 + 301. Let a = 393 - q. Calculate the remainder when a is divided by 15.
12
Let o(w) = w**3 + 50*w**2 - 753*w - 201. What is the remainder when o(-62) is divided by 14?
7
Suppose -z + 0*z + 34 = 0. Suppose m - 5*k = 4*m + 25, -10 = -4*m + 2*k. Let g(x) = -x**3 - 2*x**2 + x + 9. Calculate the remainder when z is divided by g(m).
7
Let p(d) = -111*d - 32. Let i be p(-9). Let l = i - 952. Suppose 364 = 5*o - 2*x, 2*x + x - 83 = -o. What is the remainder when o is divided by l?
14
Let l = 108 - 47. Let t = l - 96. What is the remainder when (t/(-20))/(5/360) is divided by 32?
30
Suppose 1466*j - 599*j - 7618 = 14057. Let o = 6 + -2. Suppose -u = -o - 5. What is the remainder when j is divided by u?
7
Suppose 0 = 30*f - 25*f + 580. Let q = 132 + f. What is the remainder when q is divided by 6?
4
Suppose -4*z = -267 - 193. Suppose -4*d + 3*d + 35 = -r, 5*r - 59 = -d. What is the remainder when z is divided by d?
37
Suppose 8*a + 2747 = 4*a - 3*n, 2*a + 5*n = -1391. Let g = -670 - a. What is the remainder when 38 is divided by g?
12
Suppose 4*z + 39 = 1767. Calculate the remainder when z is divided by (-1)/14 - (-12 + (-6504)/112 + -17).
84
Let m(y) = y**2 - 6*y - 3. Let t be m(3). Let z = t + 9. Calculate the remainder when z*((15 - 12) + 134/(-6)) is divided by 15.
13
Let l(x) = 80*x + 21. Let d be l(2). Suppose -5*j + d = 51. Calculate the remainder when 72 is divided by j.
20
Let k(v) = v**2 - 2*v - 3. Let m be k(3). Suppose m = -2*l + 8 - 68. Let x = l + 43. Calculate the remainder when 23 is divided by x.
10
Suppose 4*d + 187 + 113 = 0. Calculate the remainder when (-411)/2*(-1 - 1) is divided by 5/(d/354)*(-100)/40.
57
Let j = 29 - 25. Suppose 8 = 2*d + j*f, -d + 5*f = 3*d + 23. Let s = d - -11. What is the remainder when 10 is divided by s?
1
Suppose -5*m + 35 = 2*m. Suppose -m*b - 4 = -19. Suppose -5*a + b*a = -22. What is the remainder when 21 is divided by a?
10
Let d(z) = 3*z + 5. Let n(t) = -t**3 - 14*t**2 - 13*t. Let v be n(-13). Let o be d(v). Suppose o*w - 66 = 4. What is the remainder when 39 is divided by w?
11
Let i(y) = -5*y + 4*y**3 + 9057 + y**3 - 9058. Calculate the remainder when i(3) is divided by 11.
9
Suppose 22*i + 3*i - 424875 = -30*i. Calculate the remainder when i is divided by 14.
11
What is the remainder when 2025 is divided by ((-609)/(-1624))/(6/928)?
53
What is the remainder when 1280 + -4 + 0 + 16 + -24 is divided by 91?
85
Suppose 0 = -4*i + 21*i - 2975. Let c = 247 - i. What is the remainder when c is divided by 20?
12
Let p = -2575 - -3063. Calculate the remainder when p is divided by 19.
13
Suppose 2*w + 8206 + 11240 = 44*w. What is the remainder when w is divided by 2?
1
Suppose -3*j = -0*f + 4*f - 511, f = -5*j + 880. What is the remainder when j is divided by 37?
29
Let f(v) = 28*v**2 - v. Suppose -5*j + 7*j + 4 = 0. Let p be f(j). Suppose 2*t = -t + p. What is the remainder when t is divided by 10?
8
Let c(v) = 68*v + 374. Calculate the remainder when c(5) is divided by 230.
24
Let k(t) = 22*t**2 - 4*t - 11. Let d be k(4). Suppose q - d = -257. What is the remainder when q is divided by 10?
8
Let f be (-9)/(-2) - (-4)/8. Suppose -15 = f*q - 35. Suppose 0 = q*l - 20 - 12. What is the remainder when 21 is divided by l?
5
Suppose -424 = -k + 147. Calculate the remainder when k is divided by 33 + (-14)/7 + -5.
25
Suppose -19*p - 1424 = 533. Let m = p - -169. Calculate the remainder when m is divided by 34.
32
Suppose -33780*l = -33758*l - 250954. What is the remainder when l is divided by 16?
15
Let n be 708111/861 - 4/(-7). Let y = 844 - n. What is the remainder when y is divided by ((-4)/(-5))/((-1)/(-10))?
5
Let i(c) = 4*c**2 - 31*c + 14. Let p be i(8). Suppose 2*r - p = -18. What is the remainder when (3/(-2))/((-3)/4) is divided by r?
0
Suppose 0*j - 2*j + 64 = 0. Let c = 44 + -38. Let w(s) = 10*s + 2. What is the remainder when w(c) is divided by j?
30
Let j(x) = -x**3 + 8*x**2 + 3*x - 3. Suppose 160*h = 170*h - 150. What is the remainder when j(6) is divided by h?
12
Suppose 4*u + 7 = 15. Let a be ((-3)/u)/(-5 + (-651)/(-132)). Suppose 0 = 3*t + 4 - a. Calculate the remainder when 25 is divided by t.
1
Let l(q) = 4*q**2 - 22*q + 3. Let d = 1279 + -1179. What is the remainder when d is divided by l(7)?
10
Let i = 76 - 66. Suppose -2*b + 72 = -t - 0*t, 5*t = -i. Let p = b + -23. Calculate the remainder when 117 is divided by p.
9
Let j be 2*(1172/(-8) - 3). Let x = j + 318. What is the remainder when x is divided by 14?
5
Let a = 2540 - 2333. What is the remainder when a is divided by 26?
25
Let j = 7959 + -7798. What is the remainder when j is divided by 78?
5
Let p = 12377 + -12198. What is the remainder when 2147 is divided by p?
178
Let n(f) = f**3 - 73*f**2 + 63*f - 94. Calculate the remainder when n(73) is divided by 49.
46
Let o = 85 + -15. Let b(x) = 8*x + 22. Let u(j) = 19*j + 45. Let i(f) = 7*b(f) - 3*u(f). Calculate the remainder when o is divided by i(7).
10
Suppose -2*o = -5*c - 4*o - 69, 2*o - 6 = 0. Let d(f) = -2*f**2 - 32*f + 1. What is the remainder when 91 is divided by d(c)?
29
Suppose 0 = -27*i + 31*i - 68. What is the remainder when 1500/16 + (-3)/4 is divided by i?
8
Suppose 2*s + 15 = 5*s. What is the remainder when (-468)/(-1053) + 12/18 + (-503)/(-9) is divided by s?
2
Let i be 3/6 + 37188/72. Let j = i - 501. What is the remainder when 34 is divided by j?
2
Suppose 311 = -13*b + 1403. Suppose 22*y - b = 8*y. Suppose 7*d + 11 - 130 = 0. What is the remainder when d is divided by y?
5
Suppose 14*r = 23 + 19. Calculate the remainder when 56 is divided by 2/12 - 142/(-36)*r.
8
Let h = -357 + -468. Let p = h + 862. What is the remainder when 114 is divided by p?
3
Suppose -4*l + 2*r = -40, 144*l - 2*r = 139*l + 48. What is the remainder when 92 is divided by l?
4
Let t(c) = 8*c**2 + 36*c + 215. Calculate the remainder when t(-6) is divided by 138.
11
Suppose -41697 = -13*y - 41554. What is the remainder when 327 is divided by y?
8
Let b = -43 + 45. Let u(l) = -3*l**3 - l**2 + 5*l - 6. Let o be u(b). Let h = 71 + o. What is the remainder when h is divided by 12?
11
Let u(q) = 9*q**2 + 70*q + 494. What is the remainder when u(-12) is divided by 306?
32
Let m be 86 - 2 - (-4 + 1 + -1). Suppose 4*l = 5*s + 6*l - 241, -2*s - 5*l + m = 0. What is the remainder when 145 is divided by s?
47
Let a(v) = -191*v**3 - 7*v - 25. What is the remainder when a(-2) is divided by 51